s the hundreds digit of (-17004)/(-48) - 27/(-36)?
3
Let r = -1301 + 337. What is the units digit of r/(-8) + (-3)/(-6)?
1
Suppose -17*m - 8*m + 59425 = 0. What is the tens digit of m?
7
Suppose -d + 249 = 5*u - 52, -304 = -d - 2*u. What is the units digit of d?
6
Let t = -85 - -141. Suppose -7*g = -g - 24. Suppose -z - k - 86 = -g*z, 2*z - t = 2*k. What is the units digit of z?
9
Let f be 18/30*(-2)/(-3)*15. Let h(v) = 36*v. What is the tens digit of h(f)?
1
Let i(g) = 4*g**3 - g**2 + 3*g - 2. Let o be 6/(3/1) - -2. Suppose -2*j - 10 = 0, 0 = 4*n - o*j - 45 + 17. What is the tens digit of i(n)?
3
Let g be (-6 - -9)/((-3)/(-2)). Let k(w) = 0*w + 2 + 5 + 5*w + 0*w + w**g. What is the units digit of k(-5)?
7
Let u(v) = -v + 10. Let f be u(7). Suppose 25*a - 28*a = -f. What is the units digit of a?
1
Let h = -3 - -3. Suppose x + h = 8. What is the units digit of (x + -7)/(1/36)?
6
Let z be -1*((-4 - 2) + 4). Let i = z - 4. What is the units digit of 14/4*6 - i?
3
Let k(z) = -3*z. Let i be k(-1). Suppose 0 = -i*w + 5 + 1. Suppose 0 = -4*c + 5*j + 141, c - j - 103 = -w*c. What is the units digit of c?
4
Let l = 56 - 59. Let b = 26 - l. What is the units digit of b?
9
Suppose 0*m = -2*m - 6. Suppose 5*s + 12 = -5*u + 2, -5*u = -2*s + 10. Let x = s - m. What is the units digit of x?
3
Suppose -4*x + o + 1475 = -291, 0 = -5*x + 5*o + 2200. What is the tens digit of x?
4
Suppose 0 = -2*b - 4*m + 14 + 8, 4*b + m - 79 = 0. Let l(k) = 6*k - 33. What is the tens digit of l(b)?
9
Let f = 20 - 21. Let a be f - 1 - (-4 + -18). What is the units digit of (-12)/(-6)*(a - 1)?
8
Let h be (-61)/(-2)*(-20)/(-10). Let r = -48 + h. What is the tens digit of r?
1
Suppose 0*r - h = -r + 3909, -5*r = 4*h - 19572. What is the hundreds digit of 7 - 450/66 - r/(-22)?
1
Let i be (-6)/(-42) - (-4743)/21. Suppose 2*d + 2*l - i = 0, 4*d - 457 = -0*d + l. What is the units digit of d?
4
Let o be 0 + (-2 - -4) + -5. What is the tens digit of 1 + (3 + o - -11)?
1
Suppose -2*u + 5 = 1. Suppose -27*l = -28*l + 23. Let x = l - u. What is the units digit of x?
1
Suppose -t + 6*t = 10. Let d be 1/(1 - 3)*t. What is the units digit of d/(-3 + 2)*25?
5
Let a be ((-76)/(-6) - 0)*105/70. Let m(s) = s**3 - 21*s**2 + 43*s - 27. What is the units digit of m(a)?
8
Suppose 3*b + 2*b - 1056 = -3*x, -b = -4*x - 225. Let f = -348 + b. What is the units digit of (8/(-10))/(18/f)?
6
Let m be (-33)/((-4)/(-56)*-2). Suppose -5*x + 136 = 3*c, -x = 4*c - m + 44. What is the units digit of c?
7
Let j(n) = 2*n**3 + 7*n**2 + 22*n - 4. What is the hundreds digit of j(5)?
5
Let g(h) = -2*h**2 - 7*h - 6. Let q be g(-4). What is the units digit of 3*8/60 - 86/q?
9
Let l(n) = -6*n**2 - 18*n + 2. Let k be l(-3). Suppose -6*x + x = -5*b + 120, -b + 19 = -k*x. What is the units digit of b?
9
Let f be (-3)/(-15) - -7*2/5. What is the tens digit of (-576)/(-56)*(1 - (-25)/f)?
9
Suppose -9*f + 397 + 503 = 0. Suppose -29*v + 33*v = f. What is the units digit of v?
5
Let d(r) = -r + 4. Let f be d(-4). Let w(y) = y**2 - 5*y + 5. Let x be w(f). Let g = 51 - x. What is the tens digit of g?
2
Suppose 0 = 2*i + 2*i - 4. Suppose 3*m - i = 14, x - 5*m - 43 = 0. What is the tens digit of x?
6
Let w be 267*(4/(-6))/(-2). Suppose -17 = 4*q + 4*a - 281, 0 = 4*q - 4*a - 264. Suppose -q - w = -5*g. What is the units digit of g?
1
Let c = -8 + 10. Suppose -c*x = x - 30. What is the units digit of -6 + x - 1*2?
2
Let i(n) = -4 - 86*n**2 + 4*n + 3*n**3 + 86*n**2. Let l be i(3). Suppose 0 = 3*u + 6, 0*u = 5*h + 3*u - l. What is the units digit of h?
9
Let d(q) = -q**2 + 11*q + 16. Let x be d(11). Let a be (-12 + 0)*(-4)/x. Suppose -4*i - 2*g = -18, a*i - 3*g - 21 = 6. What is the units digit of i?
6
Suppose -3*s - 3*m + 2492 = -s, 2*s - 4*m - 2464 = 0. Suppose 0 = 5*l - 3*f - s, -4*l + 3*f = -l - 750. What is the tens digit of l?
4
Let z(v) = v**3 - 6*v**2 - 4*v + 3. Suppose -3*u - 2*a + 29 = 0, 2*u - 4*u + 26 = 3*a. What is the tens digit of z(u)?
2
Suppose 11 = -8*f + 7*f. Let t(n) = n**3 + 12*n**2 + 4*n - 15. What is the units digit of t(f)?
2
Let r(l) = 2*l**2 + 3*l - 1. Let w be r(1). Suppose 3*n - w*k + 19 = k, -2*k + 12 = n. What is the tens digit of -2*n/1 + 42?
3
Suppose -5*i = -0*i. Let b = 2 - i. Suppose -2*n - b*n + 84 = 0. What is the units digit of n?
1
Let k = -34 + 38. What is the units digit of 1 + -1 - (-176)/k?
4
Let m(r) = 13*r - 36*r - 5 + 2 + r**2 + 17*r. What is the units digit of m(12)?
9
Let p be 9/(-24) + (-57)/(-24). Let t(s) = 27*s + 2. What is the units digit of t(p)?
6
Let w be 2/(-6) - 125/(-15). Let g = w + -7. Suppose 0 = -2*b - g + 61. What is the units digit of b?
0
Let c be ((-7)/(-7))/((-2)/(-166)). Suppose -c = -5*s + 212. What is the units digit of s?
9
Let p = 42 + -67. Let y = p + 17. Let t(i) = i**2 + 7*i - 6. What is the units digit of t(y)?
2
Suppose 2 = -3*y + y. Let n be (-111 - 3)/(2*y). Let z = n - 40. What is the units digit of z?
7
What is the units digit of (-365)/(-1) + 5 + -2?
8
Let k = -833 - -1560. What is the units digit of k?
7
Let l(w) = w**2 + 6*w - 22. Let a be l(-9). Let s(j) = j**3 - 2*j**2 + 5*j - 16. What is the tens digit of s(a)?
8
Let n = -3203 - -6130. What is the tens digit of n?
2
Let t(c) = c**3 + 8*c**2 - 10*c - 5. Let p be t(-9). Let u(r) = -4*r - 7 - p + 18. What is the tens digit of u(-11)?
5
Suppose 5*y - 733 = 872. What is the hundreds digit of y?
3
What is the units digit of (-1)/2*-1*(0 + 16)?
8
Suppose 4*f = -3*g + 6357, 0 = -3*f + 2*g + 318 + 4454. What is the tens digit of f?
9
Let g(s) = 482*s**2 + 3*s + 4. Let r be g(-1). Suppose -y = 6*y - r. What is the tens digit of y?
6
Let y(p) = p**2 - 2*p + 6. Let m be y(3). Suppose -9 = -2*g + 4*o + m, -5*o - 15 = -g. Suppose -80 = -g*w - 20. What is the tens digit of w?
1
Suppose -10*t = -2242 - 848. What is the hundreds digit of t?
3
Let x = 37 + 557. What is the hundreds digit of x?
5
Let d be ((-148)/(-8) - 1)*2. Suppose 0 = 30*w - d*w + 165. What is the tens digit of w?
3
Suppose 0*t = 4*t + 20. Let h = t + -1. Let p = 5 - h. What is the tens digit of p?
1
Let h(i) = 3*i - 21. Let x be h(9). Let q be (-20)/(-2)*x/5. What is the units digit of (q/14)/(6/21)?
3
Let m = -991 + 1673. What is the units digit of m?
2
Suppose -2*z = -10, t + 6*z - 2990 = z. What is the units digit of t?
5
Let q = -3 - 3. Let m be (q/(-2))/(9/30). Suppose -m = 5*r + 5*h, -3*r + 9 - 21 = 5*h. What is the units digit of r?
1
Let z = 68 + -37. Let t = 33 - z. What is the units digit of t?
2
Let y(u) = 2*u**2 - 3*u - 203. What is the hundreds digit of y(16)?
2
Let p be 4/10 - (-18)/(-45). Suppose p = 2*y - 3*y. Suppose -5*s + 4*s + 27 = y. What is the units digit of s?
7
Let h = 589 - -899. What is the thousands digit of h?
1
Let l(c) = c**3 - c**2 + 13. Let f be l(0). Suppose 2*q = i + f, 16 = 5*q + 2*i + i. Suppose q*j + 3 = -7, 5*g - 22 = j. What is the units digit of g?
4
Suppose -5*m + 3*r = -22, -5*m + 3*m + 8 = -2*r. Let k(n) = n**3 - 3*n**2 - 4*n + 1. Let o be k(m). What is the units digit of o - (-1 - 3 - -2)?
3
Let m(x) = 17*x**2 - 3*x - 5. Let o be m(-4). Suppose -2*k + o = k. What is the tens digit of k?
9
Let h(u) = u**2 - u + 16. Let l be h(0). Let q(c) be the first derivative of c**4/4 - 5*c**3 - 11*c**2/2 - 21*c - 2. What is the tens digit of q(l)?
5
Suppose h - 57 = 4*c, c - 4 = 3*c. Suppose -3*v = 4*l + h, 0 = -3*l - 0*l - 3. Let f = 5 - v. What is the tens digit of f?
2
Let p be 4/(-10) - (-38893)/95. Let j = p - 250. What is the units digit of j?
9
Let x be 6/(-10) + 252/(-30). Let u be x/12 - 1245/(-12). Suppose 7*n = u + 58. What is the units digit of n?
3
Let h = 8 - 8. Suppose 2*q = 3*k + 122 - 306, h = 4*q + 8. What is the tens digit of k?
6
What is the tens digit of 196/(-6)*(153 + 12)/(-11)?
9
Let o = -507 - -989. What is the hundreds digit of o?
4
Let q be (-1)/(5/10) - -13. Suppose -4*j = -4*t - 8, -2*t - 18 = -2*j - 7*t. Suppose j*z = 29 + q. What is the tens digit of z?
1
Let r(k) = -13*k + 189. Let t be r(5). Let v = 102 + -53. Suppose -v = -5*o + 5*a + 246, -2*o = 4*a - t. What is the units digit of o?
0
Suppose 4*h + 3*m = -2*m + 1, -5*h - 4*m = -8. Suppose 52 = v - h*o - 43, -4*v - 2*o + 380 = 0. What is the tens digit of v?
9
Let h(p) = 4*p - 4. Let b be h(2). Suppose b*w - 4*s = 280, -281 = -4